 of 1261340974.
2, 41, 47, 293, 1117
What are the prime factors of 3209219111?
7, 19, 359, 67213
What are the prime factors of 60642792?
2, 3, 7, 17189
List the prime factors of 888720134.
2, 444360067
List the prime factors of 1258597329.
3, 11, 17, 23, 4241
What are the prime factors of 47119058?
2, 7, 3365647
List the prime factors of 85363849.
29, 541, 5441
List the prime factors of 506531499.
3, 127, 1329479
List the prime factors of 518563513.
13, 3121, 12781
List the prime factors of 625794008.
2, 7, 193, 57901
What are the prime factors of 113018223?
3, 37672741
What are the prime factors of 194713279?
29, 6714251
What are the prime factors of 125573796?
2, 3, 3488161
List the prime factors of 8183183.
197, 41539
List the prime factors of 1698206182.
2, 823, 1031717
What are the prime factors of 6654253?
29, 269, 853
What are the prime factors of 4862995?
5, 972599
List the prime factors of 60770956.
2, 15192739
What are the prime factors of 772057751?
107, 709, 10177
What are the prime factors of 254730179?
11, 71, 326159
What are the prime factors of 2221064235?
3, 5, 13, 101, 37591
What are the prime factors of 20746700?
2, 5, 13, 15959
What are the prime factors of 173483892?
2, 3, 1753, 2749
What are the prime factors of 2750053424?
2, 171878339
List the prime factors of 1241017662.
2, 3, 71, 2913187
List the prime factors of 207414053.
7, 11, 151, 17839
What are the prime factors of 772110762?
2, 3, 911, 141257
What are the prime factors of 1650750242?
2, 269, 1097, 2797
What are the prime factors of 248852335?
5, 29, 383, 4481
What are the prime factors of 96041869?
7, 11, 1247297
What are the prime factors of 1169123266?
2, 584561633
What are the prime factors of 121954175?
5, 7, 17, 40993
What are the prime factors of 3009504939?
3, 7, 143309759
What are the prime factors of 278421743?
71, 761, 5153
List the prime factors of 118575808.
2, 13, 19, 577
What are the prime factors of 585266757?
3, 53, 61, 60343
List the prime factors of 76324936.
2, 9540617
What are the prime factors of 20489363?
20489363
List the prime factors of 105387377.
105387377
What are the prime factors of 663607534?
2, 331803767
List the prime factors of 514292880.
2, 3, 5, 23, 93169
What are the prime factors of 17143439?
2927, 5857
List the prime factors of 41515600.
2, 5, 7, 14827
List the prime factors of 25093406.
2, 13, 965131
List the prime factors of 1079199307.
23, 46921709
List the prime factors of 3362411292.
2, 3, 4597, 60953
What are the prime factors of 297207158?
2, 17, 19, 460073
What are the prime factors of 562329448?
2, 3457, 20333
What are the prime factors of 95910455?
5, 19182091
List the prime factors of 1224344841.
3, 1597, 255551
What are the prime factors of 3079125496?
2, 37, 10402451
What are the prime factors of 31721047?
31721047
List the prime factors of 61947565.
5, 839, 14767
What are the prime factors of 968086313?
101, 751, 12763
What are the prime factors of 248977070?
2, 5, 17, 23, 37, 1721
List the prime factors of 139058318.
2, 7, 181, 54877
What are the prime factors of 192982005?
3, 5, 4288489
What are the prime factors of 204612578?
2, 17, 354001
What are the prime factors of 59696178?
2, 3, 23, 229, 1889
List the prime factors of 498358036.
2, 11, 11326319
What are the prime factors of 4552911938?
2, 37, 61525837
What are the prime factors of 42787150?
2, 5, 7, 43, 2843
What are the prime factors of 969002729?
1151, 841879
List the prime factors of 157094913.
3, 52364971
What are the prime factors of 45052158?
2, 3, 7508693
List the prime factors of 21368317.
181, 118057
List the prime factors of 2334687572.
2, 7, 29, 359, 8009
List the prime factors of 4847168380.
2, 5, 242358419
List the prime factors of 30046590.
2, 3, 5, 7, 37, 1289
What are the prime factors of 69650870?
2, 5, 17, 409711
List the prime factors of 2656867735.
5, 531373547
What are the prime factors of 8212501?
11, 113, 6607
What are the prime factors of 344499683?
11, 31, 1010263
What are the prime factors of 297040574?
2, 31, 59, 81203
List the prime factors of 710033739.
3, 53, 109, 773
What are the prime factors of 3181971234?
2, 3, 13, 29, 1406707
What are the prime factors of 1621516463?
7, 6779, 34171
List the prime factors of 234355176.
2, 3, 11, 295903
What are the prime factors of 347994951?
3, 115998317
What are the prime factors of 200526517?
200526517
List the prime factors of 6353267.
23, 276229
What are the prime factors of 8871277286?
2, 401, 11061443
List the prime factors of 78625002.
2, 3, 19, 689693
List the prime factors of 119969256.
2, 3, 11, 31, 107, 137
List the prime factors of 3123209154.
2, 3, 13, 67, 353, 1693
What are the prime factors of 756834822?
2, 3, 293, 143503
What are the prime factors of 45481970?
2, 5, 17, 267541
What are the prime factors of 263272098?
2, 3, 17, 47, 54917
List the prime factors of 2488437330.
2, 3, 5, 89, 931999
What are the prime factors of 105994610?
2, 5, 10599461
What are the prime factors of 695743540?
2, 5, 31, 137, 8191
What are the prime factors of 3968185522?
2, 7, 107, 7723
What are the prime factors of 181069669?
11, 17, 101, 9587
List the prime factors of 203511068.
2, 50877767
List the prime factors of 2202199408.
2, 19, 7244077
What are the prime factors of 42135390?
2, 3, 5, 11, 4729
What are the prime factors of 133459646?
2, 137, 487079
What are the prime factors of 4243959514?
2, 2121979757
List the prime factors of 4547333940.
2, 3, 5, 109, 6379
List the prime factors of 76866209.
7, 577, 19031
What are the prime factors of 3838019178?
2, 3, 7, 17, 347, 2213
What are the prime factors of 234395628?
2, 3, 19, 1028051
What are the prime factors of 816250042?
2, 1201, 339821
List the prime factors of 54655564.
2, 677, 20183
What are the prime factors of 227170019?
149, 1524631
What are the prime factors of 7182372690?
2, 3, 5, 79, 1010179
List the prime factors of 91406783.
13, 107, 65713
List the prime factors of 227044275.
3, 5, 109, 27773
List the prime factors of 195247759.
7, 23, 1212719
List the prime factors of 93809532.
2, 3, 7817461
What are the prime factors of 396260077?
23, 491, 35089
List the prime factors of 586321460.
2, 5, 139, 210907
List the prime factors of 204575694.
2, 3, 4597, 7417
List the prime factors of 1597533528.
2, 3, 19, 67, 52289
List the prime factors of 10125288.
2, 3, 140629
What are the prime factors of 56916521?
523, 108827
List the prime factors of 29198951.
127, 223, 1031
What are the prime factors of 47926918?
2, 13, 193, 9551
What are the prime factors of 48470602?
2, 1181, 20521
What are the prime factors of 482926743?
3, 13, 19, 217241
List the prime factors of 23967173.
23, 67, 103, 151
What are the prime factors of 969729684?
2, 3, 7, 11, 101, 10391
List the prime factors of 250483186.
2, 41, 3054673
What are the prime factors of 81628861?
81628861
List the prime factors of 454135851.
3, 13, 23, 168761
List the prime factors of 68271854.
2, 7, 401, 12161
List the prime factors of 3416744.
2, 239, 1787
List the prime factors of 65266090.
2, 5, 433, 15073
List the prime factors of 610999957.
610999957
What are the prime factors of 1955020262?
2, 13, 3767, 19961
List the prime factors of 7419201.
3, 2473067
List the prime factors of 312880257.
3, 17, 2044969
List the prime factors of 39524090.
2, 5, 1193, 3313
What are the prime factors of 29086993?
13, 2237461
List the prime factors of 127974428.
2, 97, 227, 1453
What are the prime factors of 16698227?
7, 13, 183497
What are the prime factors of 510501008?
2, 23, 1387231
What are the prime factors of 49076365?
5, 13, 17, 23, 1931
What are the prime factors of 116182367?
7, 16597481
What are the prime factors of 1669207872?
2, 3, 1297, 6703
What are the prime factors of 32302053?
3, 7, 229, 2239
What are the prime factors of 7994859559?
503, 15894353
List the prime factors of 71833597.
11, 2503, 2609
What are the prime factors of 5890201?
199, 29599
List the prime factors of 609421354.
2, 61, 401, 12457
What are the prime factors of 149062490?
2, 5, 829, 17981
List the prime factors of 278697775.
5, 11147911
List the prime factors of 90241007.
90241007
List the prime factors of 548355397.
23, 23841539
List the prime factors of 1366187660.
2, 5, 17, 353, 11383
What are the pri